{"id":249,"date":"2020-10-12T17:35:33","date_gmt":"2020-10-12T15:35:33","guid":{"rendered":"http:\/\/villaelmorisco.com\/?page_id=249"},"modified":"2022-11-06T13:37:15","modified_gmt":"2022-11-06T12:37:15","slug":"villa-el-morisco","status":"publish","type":"page","link":"https:\/\/villa.morisco.de\/?page_id=249","title":{"rendered":"Villa el Morisco"},"content":{"rendered":"\t\t<div data-elementor-type=\"wp-page\" data-elementor-id=\"249\" class=\"elementor elementor-249\">\n\t\t\t\t\t\t<section class=\"elementor-section elementor-top-section elementor-element elementor-element-25e5575 elementor-section-boxed elementor-section-height-default elementor-section-height-default\" data-id=\"25e5575\" data-element_type=\"section\" data-e-type=\"section\">\n\t\t\t\t\t\t<div class=\"elementor-container elementor-column-gap-default\">\n\t\t\t\t\t<div class=\"elementor-column elementor-col-100 elementor-top-column elementor-element elementor-element-73db903\" data-id=\"73db903\" data-element_type=\"column\" data-e-type=\"column\">\n\t\t\t<div class=\"elementor-widget-wrap elementor-element-populated\">\n\t\t\t\t\t\t<div class=\"elementor-element elementor-element-87be21c elementor-widget elementor-widget-heading\" data-id=\"87be21c\" data-element_type=\"widget\" data-e-type=\"widget\" data-widget_type=\"heading.default\">\n\t\t\t\t<div class=\"elementor-widget-container\">\n\t\t\t\t\t<h2 class=\"elementor-heading-title elementor-size-default\">Villa el Morisco<\/h2>\t\t\t\t<\/div>\n\t\t\t\t<\/div>\n\t\t\t\t\t<\/div>\n\t\t<\/div>\n\t\t\t\t\t<\/div>\n\t\t<\/section>\n\t\t\t\t<section class=\"elementor-section elementor-top-section elementor-element elementor-element-1b522e77 elementor-section-boxed elementor-section-height-default elementor-section-height-default\" data-id=\"1b522e77\" data-element_type=\"section\" data-e-type=\"section\">\n\t\t\t\t\t\t<div class=\"elementor-container elementor-column-gap-default\">\n\t\t\t\t\t<div class=\"elementor-column elementor-col-100 elementor-top-column elementor-element elementor-element-4437a8ce\" data-id=\"4437a8ce\" data-element_type=\"column\" data-e-type=\"column\">\n\t\t\t<div class=\"elementor-widget-wrap elementor-element-populated\">\n\t\t\t\t\t\t<div class=\"elementor-element elementor-element-f84a500 elementor-invisible elementor-widget elementor-widget-text-editor\" data-id=\"f84a500\" data-element_type=\"widget\" data-e-type=\"widget\" data-settings=\"{&quot;_animation&quot;:&quot;bounceInUp&quot;}\" data-widget_type=\"text-editor.default\">\n\t\t\t\t<div class=\"elementor-widget-container\">\n\t\t\t\t\t\t\t\t\t<p>Die\u00a0Anfahrt\u00a0(<a href=\"https:\/\/villa.morisco.de\/anreisebeschreibung\/\">siehe hier<\/a>) f\u00fchrt von dem K\u00fcstenort Benajarafe aus direkt zur Villa el Morisco.<\/p>\t\t\t\t\t\t\t\t<\/div>\n\t\t\t\t<\/div>\n\t\t\t\t<div class=\"elementor-element elementor-element-59d015e elementor-widget elementor-widget-text-editor\" data-id=\"59d015e\" data-element_type=\"widget\" data-e-type=\"widget\" data-widget_type=\"text-editor.default\">\n\t\t\t\t<div class=\"elementor-widget-container\">\n\t\t\t\t\t\t\t\t\t<p>Gruppen die auf die <b>Villa el Morisco<\/b> kommen organisieren ihre Anreise selbst\u00e4ndig. (Miet-)Autos finden ihren Parkplatz gleich links direkt vor der Villaeinfahrt.<\/p>\t\t\t\t\t\t\t\t<\/div>\n\t\t\t\t<\/div>\n\t\t\t\t<div class=\"elementor-element elementor-element-8e055cd elementor-widget elementor-widget-text-editor\" data-id=\"8e055cd\" data-element_type=\"widget\" data-e-type=\"widget\" data-widget_type=\"text-editor.default\">\n\t\t\t\t<div class=\"elementor-widget-container\">\n\t\t\t\t\t\t\t\t\t<p>Der Villa-Aussenbereich ist grossz\u00fcgig angelegt und hat seinen eigenen Pool.<\/p>\t\t\t\t\t\t\t\t<\/div>\n\t\t\t\t<\/div>\n\t\t\t\t<div class=\"elementor-element elementor-element-1cfd6ce elementor-widget elementor-widget-text-editor\" data-id=\"1cfd6ce\" data-element_type=\"widget\" data-e-type=\"widget\" data-widget_type=\"text-editor.default\">\n\t\t\t\t<div class=\"elementor-widget-container\">\n\t\t\t\t\t\t\t\t\t<p>Besonders sch\u00f6n liegt der 55 qm2 grosse Seminarraum, der sich auf der Krone des Geb\u00e4udes befindet und von dort aus einen tollen Blick auf das Meer bietet. Er ist mit einer Musikanlage, Fussbodenheizung und einer Klimaanlage ausgestattet. Die Dachterrasse vor dem Eingang zum Seminarraum verw\u00f6hnt die G\u00e4ste mit einem noch weiteren Blick in die l\u00e4ndliche Umgebung und auf das Meer.<\/p>\t\t\t\t\t\t\t\t<\/div>\n\t\t\t\t<\/div>\n\t\t\t\t<div class=\"elementor-element elementor-element-143e787 elementor-widget elementor-widget-text-editor\" data-id=\"143e787\" data-element_type=\"widget\" data-e-type=\"widget\" data-widget_type=\"text-editor.default\">\n\t\t\t\t<div class=\"elementor-widget-container\">\n\t\t\t\t\t\t\t\t\t<p>Die 7 Zweibettzimmer sind mit jeweils 2 Einzelbetten ausgestattet. Alle haben ihr eigenes Bad und WC, sowie eine Kalt-Warm-Klimaanlage.<\/p>\t\t\t\t\t\t\t\t<\/div>\n\t\t\t\t<\/div>\n\t\t\t\t<div class=\"elementor-element elementor-element-b52b0c0 elementor-widget elementor-widget-text-editor\" data-id=\"b52b0c0\" data-element_type=\"widget\" data-e-type=\"widget\" data-widget_type=\"text-editor.default\">\n\t\t\t\t<div class=\"elementor-widget-container\">\n\t\t\t\t\t\t\t\t\t<p>Eine Waschmaschine ist gegen eine Geb\u00fchr von 3\u20ac nutzbar.<\/p>\t\t\t\t\t\t\t\t<\/div>\n\t\t\t\t<\/div>\n\t\t\t\t<div class=\"elementor-element elementor-element-b732e62 elementor-widget elementor-widget-text-editor\" data-id=\"b732e62\" data-element_type=\"widget\" data-e-type=\"widget\" data-widget_type=\"text-editor.default\">\n\t\t\t\t<div class=\"elementor-widget-container\">\n\t\t\t\t\t\t\t\t\t<p>Ein Gemeinschafts-Tresor mit den Ma\u00dfen 35 x 55 cm und einer Tiefe von 40 cm steht bereit.<\/p>\t\t\t\t\t\t\t\t<\/div>\n\t\t\t\t<\/div>\n\t\t\t\t<div class=\"elementor-element elementor-element-321de4d elementor-widget elementor-widget-text-editor\" data-id=\"321de4d\" data-element_type=\"widget\" data-e-type=\"widget\" data-widget_type=\"text-editor.default\">\n\t\t\t\t<div class=\"elementor-widget-container\">\n\t\t\t\t\t\t\t\t\t<p>Weiterhin bietet die <strong>Villa el Morisco<\/strong> eine voll ausgestattete K\u00fcche, inklusive Geschirrsp\u00fclmaschine, Herd und Backofen zur Selbstversorgung an.<\/p>\t\t\t\t\t\t\t\t<\/div>\n\t\t\t\t<\/div>\n\t\t\t\t<div class=\"elementor-element elementor-element-b8c65b7 elementor-widget elementor-widget-text-editor\" data-id=\"b8c65b7\" data-element_type=\"widget\" data-e-type=\"widget\" data-widget_type=\"text-editor.default\">\n\t\t\t\t<div class=\"elementor-widget-container\">\n\t\t\t\t\t\t\t\t\t<p>Die <strong>Villa el Morisco<\/strong> ist ein vegetarisches Haus, was wir zu respektieren bitten!<\/p>\t\t\t\t\t\t\t\t<\/div>\n\t\t\t\t<\/div>\n\t\t\t\t<div class=\"elementor-element elementor-element-8686507 elementor-widget elementor-widget-text-editor\" data-id=\"8686507\" data-element_type=\"widget\" data-e-type=\"widget\" data-widget_type=\"text-editor.default\">\n\t\t\t\t<div class=\"elementor-widget-container\">\n\t\t\t\t\t\t\t\t\t<p>Vom grossz\u00fcgigen Essbereich (mit Klimaanlage) gelangt man auf die ebenerdige Terrasse, die einen romantischen Blick auf das Meer bietet.<\/p>\t\t\t\t\t\t\t\t<\/div>\n\t\t\t\t<\/div>\n\t\t\t\t<div class=\"elementor-element elementor-element-4315882 elementor-widget elementor-widget-text-editor\" data-id=\"4315882\" data-element_type=\"widget\" data-e-type=\"widget\" data-widget_type=\"text-editor.default\">\n\t\t\t\t<div class=\"elementor-widget-container\">\n\t\t\t\t\t\t\t\t\t<p>Der angrenzende Gemeinschaftsbereich l\u00e4dt zum Zusammensitzen ein.<\/p>\t\t\t\t\t\t\t\t<\/div>\n\t\t\t\t<\/div>\n\t\t\t\t<div class=\"elementor-element elementor-element-6484cc2 elementor-widget elementor-widget-text-editor\" data-id=\"6484cc2\" data-element_type=\"widget\" data-e-type=\"widget\" data-widget_type=\"text-editor.default\">\n\t\t\t\t<div class=\"elementor-widget-container\">\n\t\t\t\t\t\t\t\t\t<p>Das WLAN ist im Aussenbereich empfangbar.<\/p>\t\t\t\t\t\t\t\t<\/div>\n\t\t\t\t<\/div>\n\t\t\t\t<div class=\"elementor-element elementor-element-ac8a5bd elementor-widget elementor-widget-text-editor\" data-id=\"ac8a5bd\" data-element_type=\"widget\" data-e-type=\"widget\" data-widget_type=\"text-editor.default\">\n\t\t\t\t<div class=\"elementor-widget-container\">\n\t\t\t\t\t\t\t\t\t<p>Wir bitten darum auf die <b>Villa el Morisco<\/b> keine Haustiere mitzubringen!<\/p>\t\t\t\t\t\t\t\t<\/div>\n\t\t\t\t<\/div>\n\t\t\t\t<div class=\"elementor-element elementor-element-6be80124 elementor-widget elementor-widget-text-editor\" data-id=\"6be80124\" data-element_type=\"widget\" data-e-type=\"widget\" data-widget_type=\"text-editor.default\">\n\t\t\t\t<div class=\"elementor-widget-container\">\n\t\t\t\t\t\t\t\t\t<p>Im Aussenbereich befindet sich der einzige Platz zum Rauchen, da die <b>Villa el Morisco<\/b> ein rauchfreies Haus ist.<\/p>\t\t\t\t\t\t\t\t<\/div>\n\t\t\t\t<\/div>\n\t\t\t\t\t<\/div>\n\t\t<\/div>\n\t\t\t\t\t<\/div>\n\t\t<\/section>\n\t\t\t\t<\/div>\n\t\t","protected":false},"excerpt":{"rendered":"<p>Villa el Morisco Die\u00a0Anfahrt\u00a0(siehe hier) f\u00fchrt von dem K\u00fcstenort Benajarafe aus direkt zur Villa el Morisco. Gruppen die auf die Villa el Morisco kommen organisieren ihre Anreise selbst\u00e4ndig. (Miet-)Autos finden ihren Parkplatz gleich links direkt vor der Villaeinfahrt. Der Villa-Aussenbereich <a class=\"more-link\" href=\"https:\/\/villa.morisco.de\/?page_id=249\">weiterlesen&#8230;<\/a><\/p>\n","protected":false},"author":3,"featured_media":123,"parent":0,"menu_order":0,"comment_status":"closed","ping_status":"closed","template":"","meta":{"_exactmetrics_skip_tracking":false,"_exactmetrics_sitenote_active":false,"_exactmetrics_sitenote_note":"","_exactmetrics_sitenote_category":0,"footnotes":""},"class_list":["post-249","page","type-page","status-publish","has-post-thumbnail","hentry"],"yoast_head":"<!-- This site is optimized with the Yoast SEO plugin v27.3 - https:\/\/yoast.com\/product\/yoast-seo-wordpress\/ -->\n<title>Villa el Morisco - Villa el Morisco<\/title>\n<meta name=\"description\" content=\"Die Villa el Morisco Seminarhaus in Andalusien. Yoga, vegane &amp; vegetarische K\u00fcche. Auch www.casaelmorisco.com und fincaelmorisco.com\" \/>\n<meta name=\"robots\" content=\"index, follow, max-snippet:-1, max-image-preview:large, max-video-preview:-1\" \/>\n<link rel=\"canonical\" href=\"https:\/\/villa.morisco.de\/?page_id=249\" \/>\n<meta property=\"og:locale\" content=\"de_DE\" \/>\n<meta property=\"og:type\" content=\"article\" \/>\n<meta property=\"og:title\" content=\"Villa el Morisco - Villa el Morisco\" \/>\n<meta property=\"og:description\" content=\"Die Villa el Morisco Seminarhaus in Andalusien. Yoga, vegane &amp; vegetarische K\u00fcche. Auch www.casaelmorisco.com und fincaelmorisco.com\" \/>\n<meta property=\"og:url\" content=\"https:\/\/villa.morisco.de\/?page_id=249\" \/>\n<meta property=\"og:site_name\" content=\"Villa el Morisco\" \/>\n<meta property=\"article:modified_time\" content=\"2022-11-06T12:37:15+00:00\" \/>\n<meta property=\"og:image\" content=\"https:\/\/villa.morisco.de\/wp-content\/uploads\/2020\/10\/header-1.jpg\" \/>\n\t<meta property=\"og:image:width\" content=\"1920\" \/>\n\t<meta property=\"og:image:height\" content=\"716\" \/>\n\t<meta property=\"og:image:type\" content=\"image\/jpeg\" \/>\n<meta name=\"twitter:card\" content=\"summary_large_image\" \/>\n<meta name=\"twitter:label1\" content=\"Gesch\u00e4tzte Lesezeit\" \/>\n\t<meta name=\"twitter:data1\" content=\"2\u00a0Minuten\" \/>\n<script type=\"application\/ld+json\" class=\"yoast-schema-graph\">{\"@context\":\"https:\\\/\\\/schema.org\",\"@graph\":[{\"@type\":\"WebPage\",\"@id\":\"https:\\\/\\\/villa.morisco.de\\\/?page_id=249\",\"url\":\"https:\\\/\\\/villa.morisco.de\\\/?page_id=249\",\"name\":\"Villa el Morisco - Villa el Morisco\",\"isPartOf\":{\"@id\":\"https:\\\/\\\/villa.morisco.de\\\/#website\"},\"primaryImageOfPage\":{\"@id\":\"https:\\\/\\\/villa.morisco.de\\\/?page_id=249#primaryimage\"},\"image\":{\"@id\":\"https:\\\/\\\/villa.morisco.de\\\/?page_id=249#primaryimage\"},\"thumbnailUrl\":\"https:\\\/\\\/villa.morisco.de\\\/wp-content\\\/uploads\\\/2020\\\/10\\\/header-1.jpg\",\"datePublished\":\"2020-10-12T15:35:33+00:00\",\"dateModified\":\"2022-11-06T12:37:15+00:00\",\"description\":\"Die Villa el Morisco Seminarhaus in Andalusien. Yoga, vegane & vegetarische K\u00fcche. Auch www.casaelmorisco.com und fincaelmorisco.com\",\"breadcrumb\":{\"@id\":\"https:\\\/\\\/villa.morisco.de\\\/?page_id=249#breadcrumb\"},\"inLanguage\":\"de\",\"potentialAction\":[{\"@type\":\"ReadAction\",\"target\":[\"https:\\\/\\\/villa.morisco.de\\\/?page_id=249\"]}]},{\"@type\":\"ImageObject\",\"inLanguage\":\"de\",\"@id\":\"https:\\\/\\\/villa.morisco.de\\\/?page_id=249#primaryimage\",\"url\":\"https:\\\/\\\/villa.morisco.de\\\/wp-content\\\/uploads\\\/2020\\\/10\\\/header-1.jpg\",\"contentUrl\":\"https:\\\/\\\/villa.morisco.de\\\/wp-content\\\/uploads\\\/2020\\\/10\\\/header-1.jpg\",\"width\":1920,\"height\":716},{\"@type\":\"BreadcrumbList\",\"@id\":\"https:\\\/\\\/villa.morisco.de\\\/?page_id=249#breadcrumb\",\"itemListElement\":[{\"@type\":\"ListItem\",\"position\":1,\"name\":\"Startseite\",\"item\":\"https:\\\/\\\/villa.morisco.de\\\/\"},{\"@type\":\"ListItem\",\"position\":2,\"name\":\"Villa el Morisco\"}]},{\"@type\":\"WebSite\",\"@id\":\"https:\\\/\\\/villa.morisco.de\\\/#website\",\"url\":\"https:\\\/\\\/villa.morisco.de\\\/\",\"name\":\"Villa el Morisco\",\"description\":\"Benajarafe - M\u00e1laga - Costa del Sol\",\"publisher\":{\"@id\":\"https:\\\/\\\/villa.morisco.de\\\/#organization\"},\"potentialAction\":[{\"@type\":\"SearchAction\",\"target\":{\"@type\":\"EntryPoint\",\"urlTemplate\":\"https:\\\/\\\/villa.morisco.de\\\/?s={search_term_string}\"},\"query-input\":{\"@type\":\"PropertyValueSpecification\",\"valueRequired\":true,\"valueName\":\"search_term_string\"}}],\"inLanguage\":\"de\"},{\"@type\":\"Organization\",\"@id\":\"https:\\\/\\\/villa.morisco.de\\\/#organization\",\"name\":\"Villa el Morisco\",\"url\":\"https:\\\/\\\/villa.morisco.de\\\/\",\"logo\":{\"@type\":\"ImageObject\",\"inLanguage\":\"de\",\"@id\":\"https:\\\/\\\/villa.morisco.de\\\/#\\\/schema\\\/logo\\\/image\\\/\",\"url\":\"https:\\\/\\\/villa.morisco.de\\\/wp-content\\\/uploads\\\/2021\\\/04\\\/cropped-Villa-el-Morisco-Logo-2.png\",\"contentUrl\":\"https:\\\/\\\/villa.morisco.de\\\/wp-content\\\/uploads\\\/2021\\\/04\\\/cropped-Villa-el-Morisco-Logo-2.png\",\"width\":1183,\"height\":310,\"caption\":\"Villa el Morisco\"},\"image\":{\"@id\":\"https:\\\/\\\/villa.morisco.de\\\/#\\\/schema\\\/logo\\\/image\\\/\"}}]}<\/script>\n<!-- \/ Yoast SEO plugin. -->","yoast_head_json":{"title":"Villa el Morisco - Villa el Morisco","description":"Die Villa el Morisco Seminarhaus in Andalusien. Yoga, vegane & vegetarische K\u00fcche. Auch www.casaelmorisco.com und fincaelmorisco.com","robots":{"index":"index","follow":"follow","max-snippet":"max-snippet:-1","max-image-preview":"max-image-preview:large","max-video-preview":"max-video-preview:-1"},"canonical":"https:\/\/villa.morisco.de\/?page_id=249","og_locale":"de_DE","og_type":"article","og_title":"Villa el Morisco - Villa el Morisco","og_description":"Die Villa el Morisco Seminarhaus in Andalusien. Yoga, vegane & vegetarische K\u00fcche. Auch www.casaelmorisco.com und fincaelmorisco.com","og_url":"https:\/\/villa.morisco.de\/?page_id=249","og_site_name":"Villa el Morisco","article_modified_time":"2022-11-06T12:37:15+00:00","og_image":[{"width":1920,"height":716,"url":"https:\/\/villa.morisco.de\/wp-content\/uploads\/2020\/10\/header-1.jpg","type":"image\/jpeg"}],"twitter_card":"summary_large_image","twitter_misc":{"Gesch\u00e4tzte Lesezeit":"2\u00a0Minuten"},"schema":{"@context":"https:\/\/schema.org","@graph":[{"@type":"WebPage","@id":"https:\/\/villa.morisco.de\/?page_id=249","url":"https:\/\/villa.morisco.de\/?page_id=249","name":"Villa el Morisco - Villa el Morisco","isPartOf":{"@id":"https:\/\/villa.morisco.de\/#website"},"primaryImageOfPage":{"@id":"https:\/\/villa.morisco.de\/?page_id=249#primaryimage"},"image":{"@id":"https:\/\/villa.morisco.de\/?page_id=249#primaryimage"},"thumbnailUrl":"https:\/\/villa.morisco.de\/wp-content\/uploads\/2020\/10\/header-1.jpg","datePublished":"2020-10-12T15:35:33+00:00","dateModified":"2022-11-06T12:37:15+00:00","description":"Die Villa el Morisco Seminarhaus in Andalusien. Yoga, vegane & vegetarische K\u00fcche. Auch www.casaelmorisco.com und fincaelmorisco.com","breadcrumb":{"@id":"https:\/\/villa.morisco.de\/?page_id=249#breadcrumb"},"inLanguage":"de","potentialAction":[{"@type":"ReadAction","target":["https:\/\/villa.morisco.de\/?page_id=249"]}]},{"@type":"ImageObject","inLanguage":"de","@id":"https:\/\/villa.morisco.de\/?page_id=249#primaryimage","url":"https:\/\/villa.morisco.de\/wp-content\/uploads\/2020\/10\/header-1.jpg","contentUrl":"https:\/\/villa.morisco.de\/wp-content\/uploads\/2020\/10\/header-1.jpg","width":1920,"height":716},{"@type":"BreadcrumbList","@id":"https:\/\/villa.morisco.de\/?page_id=249#breadcrumb","itemListElement":[{"@type":"ListItem","position":1,"name":"Startseite","item":"https:\/\/villa.morisco.de\/"},{"@type":"ListItem","position":2,"name":"Villa el Morisco"}]},{"@type":"WebSite","@id":"https:\/\/villa.morisco.de\/#website","url":"https:\/\/villa.morisco.de\/","name":"Villa el Morisco","description":"Benajarafe - M\u00e1laga - Costa del Sol","publisher":{"@id":"https:\/\/villa.morisco.de\/#organization"},"potentialAction":[{"@type":"SearchAction","target":{"@type":"EntryPoint","urlTemplate":"https:\/\/villa.morisco.de\/?s={search_term_string}"},"query-input":{"@type":"PropertyValueSpecification","valueRequired":true,"valueName":"search_term_string"}}],"inLanguage":"de"},{"@type":"Organization","@id":"https:\/\/villa.morisco.de\/#organization","name":"Villa el Morisco","url":"https:\/\/villa.morisco.de\/","logo":{"@type":"ImageObject","inLanguage":"de","@id":"https:\/\/villa.morisco.de\/#\/schema\/logo\/image\/","url":"https:\/\/villa.morisco.de\/wp-content\/uploads\/2021\/04\/cropped-Villa-el-Morisco-Logo-2.png","contentUrl":"https:\/\/villa.morisco.de\/wp-content\/uploads\/2021\/04\/cropped-Villa-el-Morisco-Logo-2.png","width":1183,"height":310,"caption":"Villa el Morisco"},"image":{"@id":"https:\/\/villa.morisco.de\/#\/schema\/logo\/image\/"}}]}},"_links":{"self":[{"href":"https:\/\/villa.morisco.de\/index.php?rest_route=\/wp\/v2\/pages\/249","targetHints":{"allow":["GET"]}}],"collection":[{"href":"https:\/\/villa.morisco.de\/index.php?rest_route=\/wp\/v2\/pages"}],"about":[{"href":"https:\/\/villa.morisco.de\/index.php?rest_route=\/wp\/v2\/types\/page"}],"author":[{"embeddable":true,"href":"https:\/\/villa.morisco.de\/index.php?rest_route=\/wp\/v2\/users\/3"}],"replies":[{"embeddable":true,"href":"https:\/\/villa.morisco.de\/index.php?rest_route=%2Fwp%2Fv2%2Fcomments&post=249"}],"version-history":[{"count":10,"href":"https:\/\/villa.morisco.de\/index.php?rest_route=\/wp\/v2\/pages\/249\/revisions"}],"predecessor-version":[{"id":3297,"href":"https:\/\/villa.morisco.de\/index.php?rest_route=\/wp\/v2\/pages\/249\/revisions\/3297"}],"wp:featuredmedia":[{"embeddable":true,"href":"https:\/\/villa.morisco.de\/index.php?rest_route=\/wp\/v2\/media\/123"}],"wp:attachment":[{"href":"https:\/\/villa.morisco.de\/index.php?rest_route=%2Fwp%2Fv2%2Fmedia&parent=249"}],"curies":[{"name":"wp","href":"https:\/\/api.w.org\/{rel}","templated":true}]}}